{"id":78,"date":"2025-09-12T23:54:28","date_gmt":"2025-09-12T21:54:28","guid":{"rendered":"https:\/\/www.meierenergy.de\/?page_id=78"},"modified":"2025-10-07T23:33:56","modified_gmt":"2025-10-07T21:33:56","slug":"impressum","status":"publish","type":"page","link":"https:\/\/www.meierenergy.de\/?page_id=78","title":{"rendered":"Impressum"},"content":{"rendered":"\n<h1 class=\"wp-block-heading\"><\/h1>\n\n\n\n<p><strong>Meier Energy<\/strong><br>Einzelunternehmer: <strong>Alfons Meier<\/strong><\/p>\n\n\n\n<p><strong>Anschrift:<\/strong><br>Hauptstra\u00dfe 31<br>93128 Regenstauf<\/p>\n\n\n\n<p><strong>Kontakt:<\/strong><br>Telefon: 015120022942<\/p>\n\n\n\n<p>E-Mail: <a>mail@meierenergy.de<\/a><\/p>\n\n\n\n<p><strong>Verantwortlich f\u00fcr den Inhalt nach \u00a7 55 Abs. 2 RStV:<\/strong><br>Alfons Meier, Hauptstra\u00dfe 31, 93128 Regenstauf<\/p>\n\n\n\n<p><strong>Umsatzsteuer-Identifikationsnummer gem\u00e4\u00df \u00a7 27 a Umsatzsteuergesetz:<\/strong><\/p>\n\n\n\n<p>Folgt<\/p>\n\n\n\n<p><strong>T\u00e4tigkeitsbereich:<\/strong><br>Thermografie-Dienstleistungen, Photogrammetrie, Drohnen-Inspektionen, PV-Analysen und Energiedienstleistungen.<\/p>\n\n\n\n<p><strong>Plattform der EU-Kommission zur Online-Streitbeilegung:<\/strong><br><a href=\"https:\/\/ec.europa.eu\/consumers\/odr\">https:\/\/ec.europa.eu\/consumers\/odr<\/a><\/p>\n\n\n\n<p>Wir sind nicht bereit und nicht verpflichtet, an einem Streitbeilegungsverfahren vor einer Verbraucherschlichtungsstelle teilzunehmen.<\/p>\n\n\n\n<p><\/p>\n","protected":false},"excerpt":{"rendered":"<p>Meier EnergyEinzelunternehmer: Alfons Meier Anschrift:Hauptstra\u00dfe 3193128 Regenstauf Kontakt:Telefon: 015120022942 E-Mail: mail@meierenergy.de Verantwortlich f\u00fcr den Inhalt nach \u00a7 55 Abs. 2 RStV:Alfons Meier, Hauptstra\u00dfe 31, 93128 Regenstauf Umsatzsteuer-Identifikationsnummer gem\u00e4\u00df \u00a7 27 a Umsatzsteuergesetz: Folgt T\u00e4tigkeitsbereich:Thermografie-Dienstleistungen, Photogrammetrie, Drohnen-Inspektionen, PV-Analysen und Energiedienstleistungen. Plattform der EU-Kommission zur Online-Streitbeilegung:https:\/\/ec.europa.eu\/consumers\/odr Wir sind nicht bereit und nicht verpflichtet, an einem Streitbeilegungsverfahren vor [&hellip;]<\/p>\n","protected":false},"author":1,"featured_media":0,"parent":0,"menu_order":0,"comment_status":"closed","ping_status":"closed","template":"","meta":{"saved_in_kubio":false,"footnotes":""},"class_list":["post-78","page","type-page","status-publish","hentry"],"kubio_ai_page_context":{"short_desc":"","purpose":"general"},"jetpack_sharing_enabled":true,"_links":{"self":[{"href":"https:\/\/www.meierenergy.de\/index.php?rest_route=\/wp\/v2\/pages\/78","targetHints":{"allow":["GET"]}}],"collection":[{"href":"https:\/\/www.meierenergy.de\/index.php?rest_route=\/wp\/v2\/pages"}],"about":[{"href":"https:\/\/www.meierenergy.de\/index.php?rest_route=\/wp\/v2\/types\/page"}],"author":[{"embeddable":true,"href":"https:\/\/www.meierenergy.de\/index.php?rest_route=\/wp\/v2\/users\/1"}],"replies":[{"embeddable":true,"href":"https:\/\/www.meierenergy.de\/index.php?rest_route=%2Fwp%2Fv2%2Fcomments&post=78"}],"version-history":[{"count":3,"href":"https:\/\/www.meierenergy.de\/index.php?rest_route=\/wp\/v2\/pages\/78\/revisions"}],"predecessor-version":[{"id":113,"href":"https:\/\/www.meierenergy.de\/index.php?rest_route=\/wp\/v2\/pages\/78\/revisions\/113"}],"wp:attachment":[{"href":"https:\/\/www.meierenergy.de\/index.php?rest_route=%2Fwp%2Fv2%2Fmedia&parent=78"}],"curies":[{"name":"wp","href":"https:\/\/api.w.org\/{rel}","templated":true}]}}